{"id":10105,"date":"2026-01-19T08:29:11","date_gmt":"2026-01-19T11:29:11","guid":{"rendered":"https:\/\/freyawork.cl\/?post_type=product&#038;p=10105"},"modified":"2026-01-22T15:36:18","modified_gmt":"2026-01-22T18:36:18","slug":"calzado-seguridad-nazca-femme-blue-nu-137","status":"publish","type":"product","link":"https:\/\/freyawork.cl\/?product=calzado-seguridad-nazca-femme-blue-nu-137","title":{"rendered":"Calzado Seguridad Nazca Femme blue 137"},"content":{"rendered":"<h2>Descripci\u00f3n<\/h2>\n<p>Bot\u00edn de seguridad en tonalidades azules con un full look que te acompa\u00f1ar\u00e1 a todas, 100% libre de metal pero con puntera de composite ultra liviano. Tobillo acolchado y protegido para un mejor calce, adem\u00e1s en su interior tiene una plantilla Hi Poly Foam para un perfecto andar.<\/p>\n","protected":false},"excerpt":{"rendered":"<p>Calzado de seguridad para mujer, modelo Nazca Femme Blue NU 137. Dise\u00f1o ergon\u00f3mico, c\u00f3modo y resistente, ideal para proteger los pies en entornos laborales exigentes. Fabricado con materiales de alta calidad y suela antideslizante.<\/p>\n","protected":false},"featured_media":10117,"comment_status":"open","ping_status":"closed","template":"","meta":[],"product_brand":[],"product_cat":[97,99],"product_tag":[117],"class_list":{"0":"post-10105","1":"product","2":"type-product","3":"status-publish","4":"has-post-thumbnail","6":"product_cat-calzado","7":"product_cat-mujer","8":"product_tag-botines-mujer","10":"first","11":"instock","12":"shipping-taxable","13":"purchasable","14":"product-type-variable"},"jetpack_sharing_enabled":true,"_links":{"self":[{"href":"https:\/\/freyawork.cl\/index.php?rest_route=\/wp\/v2\/product\/10105","targetHints":{"allow":["GET"]}}],"collection":[{"href":"https:\/\/freyawork.cl\/index.php?rest_route=\/wp\/v2\/product"}],"about":[{"href":"https:\/\/freyawork.cl\/index.php?rest_route=\/wp\/v2\/types\/product"}],"replies":[{"embeddable":true,"href":"https:\/\/freyawork.cl\/index.php?rest_route=%2Fwp%2Fv2%2Fcomments&post=10105"}],"wp:featuredmedia":[{"embeddable":true,"href":"https:\/\/freyawork.cl\/index.php?rest_route=\/wp\/v2\/media\/10117"}],"wp:attachment":[{"href":"https:\/\/freyawork.cl\/index.php?rest_route=%2Fwp%2Fv2%2Fmedia&parent=10105"}],"wp:term":[{"taxonomy":"product_brand","embeddable":true,"href":"https:\/\/freyawork.cl\/index.php?rest_route=%2Fwp%2Fv2%2Fproduct_brand&post=10105"},{"taxonomy":"product_cat","embeddable":true,"href":"https:\/\/freyawork.cl\/index.php?rest_route=%2Fwp%2Fv2%2Fproduct_cat&post=10105"},{"taxonomy":"product_tag","embeddable":true,"href":"https:\/\/freyawork.cl\/index.php?rest_route=%2Fwp%2Fv2%2Fproduct_tag&post=10105"}],"curies":[{"name":"wp","href":"https:\/\/api.w.org\/{rel}","templated":true}]}}