{"id":10234,"date":"2026-01-19T09:47:00","date_gmt":"2026-01-19T12:47:00","guid":{"rendered":"https:\/\/freyawork.cl\/?post_type=product&#038;p=10234"},"modified":"2026-02-03T13:03:53","modified_gmt":"2026-02-03T16:03:53","slug":"calzado-seguridad-edelbrock-botin-trx-ed-700-air","status":"publish","type":"product","link":"https:\/\/freyawork.cl\/?product=calzado-seguridad-edelbrock-botin-trx-ed-700-air","title":{"rendered":"Calzado Seguridad Edelbrock Bot\u00edn TRX 700"},"content":{"rendered":"<h2>Descripci\u00f3n<\/h2>\n<p>Presentamos nuestra nueva l\u00ednea de calzado TRX ED, especialmente dise\u00f1ada para soportar los<br \/>\nambientes m\u00e1s adversos y hostiles, gracias a su nuevo dise\u00f1o pensado exclusivamente para tu<br \/>\nseguridad. Comenzando por la suela inyectada doble densidad PU-TPU TRX \u00ae de alta tracci\u00f3n y<br \/>\nagarre para todos los terrenos, buena expulsi\u00f3n de agua y barro en condiciones de uso extremo.<br \/>\nNivel de antideslizamiento SRA, tanto para condiciones acuosas como aceitosas.<\/p>\n","protected":false},"excerpt":{"rendered":"<p>Bot\u00edn de seguridad Edelbrock TRX ED 700 AIR, dise\u00f1o resistente y c\u00f3modo, elaborado con materiales de alta calidad. Ofrece protecci\u00f3n avanzada, suela antideslizante y sistema de ventilaci\u00f3n para mayor confort en largas jornadas laborales. Ideal para ambientes industriales.<\/p>\n","protected":false},"featured_media":10242,"comment_status":"open","ping_status":"closed","template":"","meta":[],"product_brand":[],"product_cat":[97,98],"product_tag":[114],"class_list":{"0":"post-10234","1":"product","2":"type-product","3":"status-publish","4":"has-post-thumbnail","6":"product_cat-calzado","7":"product_cat-hombre","8":"product_tag-botines-hombre","10":"first","11":"instock","12":"shipping-taxable","13":"purchasable","14":"product-type-variable"},"jetpack_sharing_enabled":true,"_links":{"self":[{"href":"https:\/\/freyawork.cl\/index.php?rest_route=\/wp\/v2\/product\/10234","targetHints":{"allow":["GET"]}}],"collection":[{"href":"https:\/\/freyawork.cl\/index.php?rest_route=\/wp\/v2\/product"}],"about":[{"href":"https:\/\/freyawork.cl\/index.php?rest_route=\/wp\/v2\/types\/product"}],"replies":[{"embeddable":true,"href":"https:\/\/freyawork.cl\/index.php?rest_route=%2Fwp%2Fv2%2Fcomments&post=10234"}],"wp:featuredmedia":[{"embeddable":true,"href":"https:\/\/freyawork.cl\/index.php?rest_route=\/wp\/v2\/media\/10242"}],"wp:attachment":[{"href":"https:\/\/freyawork.cl\/index.php?rest_route=%2Fwp%2Fv2%2Fmedia&parent=10234"}],"wp:term":[{"taxonomy":"product_brand","embeddable":true,"href":"https:\/\/freyawork.cl\/index.php?rest_route=%2Fwp%2Fv2%2Fproduct_brand&post=10234"},{"taxonomy":"product_cat","embeddable":true,"href":"https:\/\/freyawork.cl\/index.php?rest_route=%2Fwp%2Fv2%2Fproduct_cat&post=10234"},{"taxonomy":"product_tag","embeddable":true,"href":"https:\/\/freyawork.cl\/index.php?rest_route=%2Fwp%2Fv2%2Fproduct_tag&post=10234"}],"curies":[{"name":"wp","href":"https:\/\/api.w.org\/{rel}","templated":true}]}}