{"id":10481,"date":"2026-01-19T11:45:32","date_gmt":"2026-01-19T14:45:32","guid":{"rendered":"https:\/\/freyawork.cl\/?post_type=product&#038;p=10481"},"modified":"2026-02-03T12:56:35","modified_gmt":"2026-02-03T15:56:35","slug":"calzado-seguridad-nazca-botin-tucson-pu-tpu-nt-450","status":"publish","type":"product","link":"https:\/\/freyawork.cl\/?product=calzado-seguridad-nazca-botin-tucson-pu-tpu-nt-450","title":{"rendered":"Calzado Seguridad Nazca Bot\u00edn Tucson 450"},"content":{"rendered":"<h2>Descripci\u00f3n<\/h2>\n<p>Aislante el\u00e9ctrico para tensiones inferiores a 600 volt, Aislante T\u00e9rmico Thinsulate\u00ae, Certificaci\u00f3n norma chilena oficial, Contrafuerte termoformado de 1.6 mm de espesor, Cordones secci\u00f3n circular de alta resistencia, Costuras dobles y triples con hilo Nylon T-20 impustrescible, Cuero chedron pull up hidrofugado, Entreplantilla antipunzonante Wellmax, Fabricaci\u00f3n con, inyecci\u00f3n directa al corte, Forro completo en split gamuzado,Fuelle forrado y acolchado, Pasa cordones y ganchos no met\u00e1licos, Planta bimaterialidad y bidensidad PU\/TPU &#8211; resistente a los derivados de los hidrocarburos, Plantilla interior intercambiable &#8211; Soft Clasic &#8211; PI 101, Puntera de acero &#8211; dise\u00f1o W\/H * (alta y ancha), Tal\u00f3n reforzado Tobillera cuero<\/p>\n","protected":false},"excerpt":{"rendered":"<p>Bot\u00edn de seguridad Nazca Tucson NT 450, dise\u00f1ado con suela PU\/TPU para m\u00e1xima resistencia y confort. Ideal para uso industrial, brinda protecci\u00f3n y durabilidad en entornos exigentes.<\/p>\n","protected":false},"featured_media":10485,"comment_status":"open","ping_status":"closed","template":"","meta":[],"product_brand":[],"product_cat":[97,98],"product_tag":[114],"class_list":{"0":"post-10481","1":"product","2":"type-product","3":"status-publish","4":"has-post-thumbnail","6":"product_cat-calzado","7":"product_cat-hombre","8":"product_tag-botines-hombre","10":"first","11":"instock","12":"shipping-taxable","13":"purchasable","14":"product-type-variable"},"jetpack_sharing_enabled":true,"_links":{"self":[{"href":"https:\/\/freyawork.cl\/index.php?rest_route=\/wp\/v2\/product\/10481","targetHints":{"allow":["GET"]}}],"collection":[{"href":"https:\/\/freyawork.cl\/index.php?rest_route=\/wp\/v2\/product"}],"about":[{"href":"https:\/\/freyawork.cl\/index.php?rest_route=\/wp\/v2\/types\/product"}],"replies":[{"embeddable":true,"href":"https:\/\/freyawork.cl\/index.php?rest_route=%2Fwp%2Fv2%2Fcomments&post=10481"}],"wp:featuredmedia":[{"embeddable":true,"href":"https:\/\/freyawork.cl\/index.php?rest_route=\/wp\/v2\/media\/10485"}],"wp:attachment":[{"href":"https:\/\/freyawork.cl\/index.php?rest_route=%2Fwp%2Fv2%2Fmedia&parent=10481"}],"wp:term":[{"taxonomy":"product_brand","embeddable":true,"href":"https:\/\/freyawork.cl\/index.php?rest_route=%2Fwp%2Fv2%2Fproduct_brand&post=10481"},{"taxonomy":"product_cat","embeddable":true,"href":"https:\/\/freyawork.cl\/index.php?rest_route=%2Fwp%2Fv2%2Fproduct_cat&post=10481"},{"taxonomy":"product_tag","embeddable":true,"href":"https:\/\/freyawork.cl\/index.php?rest_route=%2Fwp%2Fv2%2Fproduct_tag&post=10481"}],"curies":[{"name":"wp","href":"https:\/\/api.w.org\/{rel}","templated":true}]}}