{"id":1755,"date":"2025-12-22T19:01:35","date_gmt":"2025-12-22T18:01:35","guid":{"rendered":"https:\/\/freyawork.cl\/?post_type=product&#038;p=1755"},"modified":"2026-01-05T14:45:06","modified_gmt":"2026-01-05T13:45:06","slug":"parka-pukem-manga-larga-hombre","status":"publish","type":"product","link":"https:\/\/freyawork.cl\/?product=parka-pukem-manga-larga-hombre","title":{"rendered":"Parka Pukem Manga Larga Hombre"},"content":{"rendered":"<h2>Descripci\u00f3n<\/h2>\n<p>La nueva l\u00ednea de parkas t\u00e9rmicas Pukem con tecnolog\u00eda Thermo-Pipe de paneles integrados con calor, creando una barrera contra el viento y las bajas temperaturas al eliminar los orificios del acolchado tradicional. Posee forro con c\u00f3modo cuello acanalado y bolsillo interior a la altura del pecho, cierre principal de dos v\u00edas y bolsillos externos en delantero. Estilo masculino manga larga y dise\u00f1o de cortes anat\u00f3micos que limitan la fuga del calor corporal y la entrada del fr\u00edo exterior.<\/p>\n","protected":false},"excerpt":{"rendered":"<div id=\"product-description-short-829\" class=\"product-description-short mb-3 truncate_block st_showless_block_0 truncate_cate_desc_2\">\n<div class=\"st_read_more_box\">Enfrenta el fr\u00edo con confianza y estilo, vive una experiencia invernal elevada adaptada a tu estilo de vida activo y moderno.<\/div>\n<\/div>\n<div class=\"steasy_divider between_short_and_price\"><\/div>\n","protected":false},"featured_media":1759,"comment_status":"open","ping_status":"closed","template":"","meta":[],"product_brand":[],"product_cat":[64,63],"product_tag":[60],"class_list":{"0":"post-1755","1":"product","2":"type-product","3":"status-publish","4":"has-post-thumbnail","6":"product_cat-chaquetas","7":"product_cat-ropa-corporativa","8":"product_tag-termica","10":"first","11":"instock","12":"shipping-taxable","13":"purchasable","14":"product-type-variable"},"jetpack_sharing_enabled":true,"_links":{"self":[{"href":"https:\/\/freyawork.cl\/index.php?rest_route=\/wp\/v2\/product\/1755","targetHints":{"allow":["GET"]}}],"collection":[{"href":"https:\/\/freyawork.cl\/index.php?rest_route=\/wp\/v2\/product"}],"about":[{"href":"https:\/\/freyawork.cl\/index.php?rest_route=\/wp\/v2\/types\/product"}],"replies":[{"embeddable":true,"href":"https:\/\/freyawork.cl\/index.php?rest_route=%2Fwp%2Fv2%2Fcomments&post=1755"}],"wp:featuredmedia":[{"embeddable":true,"href":"https:\/\/freyawork.cl\/index.php?rest_route=\/wp\/v2\/media\/1759"}],"wp:attachment":[{"href":"https:\/\/freyawork.cl\/index.php?rest_route=%2Fwp%2Fv2%2Fmedia&parent=1755"}],"wp:term":[{"taxonomy":"product_brand","embeddable":true,"href":"https:\/\/freyawork.cl\/index.php?rest_route=%2Fwp%2Fv2%2Fproduct_brand&post=1755"},{"taxonomy":"product_cat","embeddable":true,"href":"https:\/\/freyawork.cl\/index.php?rest_route=%2Fwp%2Fv2%2Fproduct_cat&post=1755"},{"taxonomy":"product_tag","embeddable":true,"href":"https:\/\/freyawork.cl\/index.php?rest_route=%2Fwp%2Fv2%2Fproduct_tag&post=1755"}],"curies":[{"name":"wp","href":"https:\/\/api.w.org\/{rel}","templated":true}]}}