{"id":8323,"date":"2026-01-14T13:52:13","date_gmt":"2026-01-14T12:52:13","guid":{"rendered":"https:\/\/freyawork.cl\/?post_type=product&#038;p=8323"},"modified":"2026-01-22T15:53:18","modified_gmt":"2026-01-22T18:53:18","slug":"overol-ignifugo-antiestatico-technic-hombre-100-alg","status":"publish","type":"product","link":"https:\/\/freyawork.cl\/?product=overol-ignifugo-antiestatico-technic-hombre-100-alg","title":{"rendered":"Overol Ignifugo Antiest\u00e1tico Technic Hombre 100% alg"},"content":{"rendered":"<h2>Descripci\u00f3n<\/h2>\n<p>Para esos trabajos m\u00e1s desafiantes, nuestra nueva l\u00ednea Technic tiene su overol ign\u00edfugo antiest\u00e1tico, que cuentan con detalles reflectantes y pensado para ofrecer la mayor comodidad y protecci\u00f3n para quien lo viste.<\/p>\n","protected":false},"excerpt":{"rendered":"<p>Overol Ign\u00edfugo y Antiest\u00e1tico para garantizar una protecci\u00f3n \u00f3ptima y libertad de movimiento. Ideal Para esos trabajos m\u00e1s desafiantes.<\/p>\n","protected":false},"featured_media":8331,"comment_status":"open","ping_status":"closed","template":"","meta":[],"product_brand":[],"product_cat":[94,93],"product_tag":[138],"class_list":{"0":"post-8323","1":"product","2":"type-product","3":"status-publish","4":"has-post-thumbnail","6":"product_cat-ropa-ignifuga","7":"product_cat-ropa-tecnica-2","8":"product_tag-ignifugo","10":"first","11":"instock","12":"shipping-taxable","13":"purchasable","14":"product-type-variable"},"jetpack_sharing_enabled":true,"_links":{"self":[{"href":"https:\/\/freyawork.cl\/index.php?rest_route=\/wp\/v2\/product\/8323","targetHints":{"allow":["GET"]}}],"collection":[{"href":"https:\/\/freyawork.cl\/index.php?rest_route=\/wp\/v2\/product"}],"about":[{"href":"https:\/\/freyawork.cl\/index.php?rest_route=\/wp\/v2\/types\/product"}],"replies":[{"embeddable":true,"href":"https:\/\/freyawork.cl\/index.php?rest_route=%2Fwp%2Fv2%2Fcomments&post=8323"}],"wp:featuredmedia":[{"embeddable":true,"href":"https:\/\/freyawork.cl\/index.php?rest_route=\/wp\/v2\/media\/8331"}],"wp:attachment":[{"href":"https:\/\/freyawork.cl\/index.php?rest_route=%2Fwp%2Fv2%2Fmedia&parent=8323"}],"wp:term":[{"taxonomy":"product_brand","embeddable":true,"href":"https:\/\/freyawork.cl\/index.php?rest_route=%2Fwp%2Fv2%2Fproduct_brand&post=8323"},{"taxonomy":"product_cat","embeddable":true,"href":"https:\/\/freyawork.cl\/index.php?rest_route=%2Fwp%2Fv2%2Fproduct_cat&post=8323"},{"taxonomy":"product_tag","embeddable":true,"href":"https:\/\/freyawork.cl\/index.php?rest_route=%2Fwp%2Fv2%2Fproduct_tag&post=8323"}],"curies":[{"name":"wp","href":"https:\/\/api.w.org\/{rel}","templated":true}]}}