{"id":8434,"date":"2026-01-14T15:08:04","date_gmt":"2026-01-14T14:08:04","guid":{"rendered":"https:\/\/freyawork.cl\/?post_type=product&#038;p=8434"},"modified":"2026-01-14T15:08:05","modified_gmt":"2026-01-14T14:08:05","slug":"pechera-gabardina","status":"publish","type":"product","link":"https:\/\/freyawork.cl\/?product=pechera-gabardina","title":{"rendered":"PECHERA GABARDINA"},"content":{"rendered":"<h2>Descripci\u00f3n<\/h2>\n<p>Esta pechera, es ideal para el entorno culinario, combinando durabilidad y estilo. Su tejido resistente y f\u00e1cil de mantener asegura una larga vida \u00fatil, mientras que su dise\u00f1o adaptable se ajusta c\u00f3modamente a diferentes tallas. Perfecta para protegerte de salpicaduras y manchas, su corte cl\u00e1sico ofrece un look profesional en la cocina. Ideal para chefs de cualquier g\u00e9nero, proporciona comodidad y resistencia en cada servicio.<\/p>\n","protected":false},"excerpt":{"rendered":"<p>Pechera de gabardina confeccionada con materiales resistentes y de alta calidad, ideal para garantizar comodidad y durabilidad en el uso diario.<\/p>\n","protected":false},"featured_media":8435,"comment_status":"open","ping_status":"closed","template":"","meta":[],"product_brand":[],"product_cat":[92,90],"product_tag":[228],"class_list":{"0":"post-8434","1":"product","2":"type-product","3":"status-publish","4":"has-post-thumbnail","6":"product_cat-ropa-de-cocina","7":"product_cat-ropa-de-trabajo","8":"product_tag-pechera-chef","10":"first","11":"instock","12":"shipping-taxable","13":"purchasable","14":"product-type-variable"},"jetpack_sharing_enabled":true,"_links":{"self":[{"href":"https:\/\/freyawork.cl\/index.php?rest_route=\/wp\/v2\/product\/8434","targetHints":{"allow":["GET"]}}],"collection":[{"href":"https:\/\/freyawork.cl\/index.php?rest_route=\/wp\/v2\/product"}],"about":[{"href":"https:\/\/freyawork.cl\/index.php?rest_route=\/wp\/v2\/types\/product"}],"replies":[{"embeddable":true,"href":"https:\/\/freyawork.cl\/index.php?rest_route=%2Fwp%2Fv2%2Fcomments&post=8434"}],"wp:featuredmedia":[{"embeddable":true,"href":"https:\/\/freyawork.cl\/index.php?rest_route=\/wp\/v2\/media\/8435"}],"wp:attachment":[{"href":"https:\/\/freyawork.cl\/index.php?rest_route=%2Fwp%2Fv2%2Fmedia&parent=8434"}],"wp:term":[{"taxonomy":"product_brand","embeddable":true,"href":"https:\/\/freyawork.cl\/index.php?rest_route=%2Fwp%2Fv2%2Fproduct_brand&post=8434"},{"taxonomy":"product_cat","embeddable":true,"href":"https:\/\/freyawork.cl\/index.php?rest_route=%2Fwp%2Fv2%2Fproduct_cat&post=8434"},{"taxonomy":"product_tag","embeddable":true,"href":"https:\/\/freyawork.cl\/index.php?rest_route=%2Fwp%2Fv2%2Fproduct_tag&post=8434"}],"curies":[{"name":"wp","href":"https:\/\/api.w.org\/{rel}","templated":true}]}}