{"id":8439,"date":"2026-01-14T15:20:24","date_gmt":"2026-01-14T14:20:24","guid":{"rendered":"https:\/\/freyawork.cl\/?post_type=product&#038;p=8439"},"modified":"2026-01-22T15:21:25","modified_gmt":"2026-01-22T18:21:25","slug":"bandana","status":"publish","type":"product","link":"https:\/\/freyawork.cl\/?product=bandana","title":{"rendered":"Bandana Chef"},"content":{"rendered":"<h2>Descripci\u00f3n<\/h2>\n<p>La Bandana unisex, ideal para mantener el cabello bajo control mientras trabajas est\u00e1 confeccionada en material ligero y duradero. Se amarra con lazos para un ajuste seguro y personalizado. Su dise\u00f1o pr\u00e1ctico y vers\u00e1til es perfecto para chefs y cocineros que buscan comodidad y funcionalidad en la cocina.<\/p>\n","protected":false},"excerpt":{"rendered":"<p>Bandana de chef dise\u00f1ada para brindar comodidad y estilo en la cocina. Fabricada con materiales transpirables, ajustable y perfecta para mantener el cabello en su lugar mientras cocinas.<\/p>\n","protected":false},"featured_media":8442,"comment_status":"open","ping_status":"closed","template":"","meta":[],"product_brand":[],"product_cat":[92,90],"product_tag":[],"class_list":{"0":"post-8439","1":"product","2":"type-product","3":"status-publish","4":"has-post-thumbnail","6":"product_cat-ropa-de-cocina","7":"product_cat-ropa-de-trabajo","9":"first","10":"instock","11":"shipping-taxable","12":"purchasable","13":"product-type-variable"},"jetpack_sharing_enabled":true,"_links":{"self":[{"href":"https:\/\/freyawork.cl\/index.php?rest_route=\/wp\/v2\/product\/8439","targetHints":{"allow":["GET"]}}],"collection":[{"href":"https:\/\/freyawork.cl\/index.php?rest_route=\/wp\/v2\/product"}],"about":[{"href":"https:\/\/freyawork.cl\/index.php?rest_route=\/wp\/v2\/types\/product"}],"replies":[{"embeddable":true,"href":"https:\/\/freyawork.cl\/index.php?rest_route=%2Fwp%2Fv2%2Fcomments&post=8439"}],"wp:featuredmedia":[{"embeddable":true,"href":"https:\/\/freyawork.cl\/index.php?rest_route=\/wp\/v2\/media\/8442"}],"wp:attachment":[{"href":"https:\/\/freyawork.cl\/index.php?rest_route=%2Fwp%2Fv2%2Fmedia&parent=8439"}],"wp:term":[{"taxonomy":"product_brand","embeddable":true,"href":"https:\/\/freyawork.cl\/index.php?rest_route=%2Fwp%2Fv2%2Fproduct_brand&post=8439"},{"taxonomy":"product_cat","embeddable":true,"href":"https:\/\/freyawork.cl\/index.php?rest_route=%2Fwp%2Fv2%2Fproduct_cat&post=8439"},{"taxonomy":"product_tag","embeddable":true,"href":"https:\/\/freyawork.cl\/index.php?rest_route=%2Fwp%2Fv2%2Fproduct_tag&post=8439"}],"curies":[{"name":"wp","href":"https:\/\/api.w.org\/{rel}","templated":true}]}}