{"id":8524,"date":"2026-01-14T15:56:18","date_gmt":"2026-01-14T14:56:18","guid":{"rendered":"https:\/\/freyawork.cl\/?post_type=product&#038;p=8524"},"modified":"2026-01-14T15:56:18","modified_gmt":"2026-01-14T14:56:18","slug":"polera-polo-confort-spandex-manga-corta-mujer","status":"publish","type":"product","link":"https:\/\/freyawork.cl\/?product=polera-polo-confort-spandex-manga-corta-mujer","title":{"rendered":"Polera Polo Confort Spandex Manga Corta Mujer"},"content":{"rendered":"<h2>Descripci\u00f3n<\/h2>\n<p>El Spandex integrado en su tejido ofrece una flexibilidad excepcional y ajuste ideal, adapt\u00e1ndose a tus movimientos para proporcionar una sensaci\u00f3n de comodidad incomparable durante todo el d\u00eda. La tecnolog\u00eda antipilling mantiene esta prenda con un aspecto fresco y nuevo lavado tras lavado, evitando la formaci\u00f3n de bolitas que podr\u00edan afectar su apariencia. Adem\u00e1s, su solidez de color asegura que los tonos se mantengan vibrantes y fieles, manteniendo su aspecto original a lo largo del tiempo. Disfruta de la libertad de movimiento y la elegancia de una prenda que combina funcionalidad y estilo, perfecta para ocasiones casuales o m\u00e1s formales.<\/p>\n","protected":false},"excerpt":{"rendered":"<div id=\"product-description-short-766\" class=\"product-description-short mb-3 truncate_block st_showless_block_0 truncate_cate_desc_2\">\n<div class=\"st_read_more_box\">Eleva tu estilo con la polo \u00abComfort Spandex\u00bb para hombre: elegancia, comodidad y funcionalidad. Dise\u00f1ada para calidad y rendimiento.<\/div>\n<\/div>\n<div class=\"steasy_divider between_short_and_price\"><\/div>\n","protected":false},"featured_media":8559,"comment_status":"open","ping_status":"closed","template":"","meta":[],"product_brand":[],"product_cat":[66,63],"product_tag":[73],"class_list":{"0":"post-8524","1":"product","2":"type-product","3":"status-publish","4":"has-post-thumbnail","6":"product_cat-poleras-y-camisas","7":"product_cat-ropa-corporativa","8":"product_tag-polera-polo","10":"first","11":"instock","12":"shipping-taxable","13":"purchasable","14":"product-type-variable"},"jetpack_sharing_enabled":true,"_links":{"self":[{"href":"https:\/\/freyawork.cl\/index.php?rest_route=\/wp\/v2\/product\/8524","targetHints":{"allow":["GET"]}}],"collection":[{"href":"https:\/\/freyawork.cl\/index.php?rest_route=\/wp\/v2\/product"}],"about":[{"href":"https:\/\/freyawork.cl\/index.php?rest_route=\/wp\/v2\/types\/product"}],"replies":[{"embeddable":true,"href":"https:\/\/freyawork.cl\/index.php?rest_route=%2Fwp%2Fv2%2Fcomments&post=8524"}],"wp:featuredmedia":[{"embeddable":true,"href":"https:\/\/freyawork.cl\/index.php?rest_route=\/wp\/v2\/media\/8559"}],"wp:attachment":[{"href":"https:\/\/freyawork.cl\/index.php?rest_route=%2Fwp%2Fv2%2Fmedia&parent=8524"}],"wp:term":[{"taxonomy":"product_brand","embeddable":true,"href":"https:\/\/freyawork.cl\/index.php?rest_route=%2Fwp%2Fv2%2Fproduct_brand&post=8524"},{"taxonomy":"product_cat","embeddable":true,"href":"https:\/\/freyawork.cl\/index.php?rest_route=%2Fwp%2Fv2%2Fproduct_cat&post=8524"},{"taxonomy":"product_tag","embeddable":true,"href":"https:\/\/freyawork.cl\/index.php?rest_route=%2Fwp%2Fv2%2Fproduct_tag&post=8524"}],"curies":[{"name":"wp","href":"https:\/\/api.w.org\/{rel}","templated":true}]}}