{"id":9870,"date":"2026-01-16T14:16:59","date_gmt":"2026-01-16T17:16:59","guid":{"rendered":"https:\/\/freyawork.cl\/?post_type=product&#038;p=9870"},"modified":"2026-01-26T12:15:28","modified_gmt":"2026-01-26T15:15:28","slug":"bota-defender-raptor-df-750","status":"publish","type":"product","link":"https:\/\/freyawork.cl\/?product=bota-defender-raptor-df-750","title":{"rendered":"Bota Defender Raptor 750"},"content":{"rendered":"<h2>Descripci\u00f3n<\/h2>\n<p>Aislante el\u00e9ctrico para tensiones inferiores a 600 volt, entre plantilla antipunzonante Wellmax, Planta de caucho con Acrilo Nitrilo de alta densidad resistente a los derivados de los hidrocarburos, Plantilla interior intercambiable &#8211; Ergo-Soft PI 104,Puntera LCT (Light Composite Toe Cap) no met\u00e1lica<\/p>\n","protected":false},"excerpt":{"rendered":"<p>Bota de seguridad Defender Raptor DF 750, dise\u00f1ada para m\u00e1xima protecci\u00f3n y comodidad. Fabricada con materiales resistentes, ofrece durabilidad, soporte y un excelente agarre en cualquier terreno. Ideal para entornos de trabajo exigentes.<\/p>\n","protected":false},"featured_media":9874,"comment_status":"open","ping_status":"closed","template":"","meta":[],"product_brand":[],"product_cat":[97,98],"product_tag":[113],"class_list":{"0":"post-9870","1":"product","2":"type-product","3":"status-publish","4":"has-post-thumbnail","6":"product_cat-calzado","7":"product_cat-hombre","8":"product_tag-botas-hombre","10":"first","11":"instock","12":"shipping-taxable","13":"purchasable","14":"product-type-variable"},"jetpack_sharing_enabled":true,"_links":{"self":[{"href":"https:\/\/freyawork.cl\/index.php?rest_route=\/wp\/v2\/product\/9870","targetHints":{"allow":["GET"]}}],"collection":[{"href":"https:\/\/freyawork.cl\/index.php?rest_route=\/wp\/v2\/product"}],"about":[{"href":"https:\/\/freyawork.cl\/index.php?rest_route=\/wp\/v2\/types\/product"}],"replies":[{"embeddable":true,"href":"https:\/\/freyawork.cl\/index.php?rest_route=%2Fwp%2Fv2%2Fcomments&post=9870"}],"wp:featuredmedia":[{"embeddable":true,"href":"https:\/\/freyawork.cl\/index.php?rest_route=\/wp\/v2\/media\/9874"}],"wp:attachment":[{"href":"https:\/\/freyawork.cl\/index.php?rest_route=%2Fwp%2Fv2%2Fmedia&parent=9870"}],"wp:term":[{"taxonomy":"product_brand","embeddable":true,"href":"https:\/\/freyawork.cl\/index.php?rest_route=%2Fwp%2Fv2%2Fproduct_brand&post=9870"},{"taxonomy":"product_cat","embeddable":true,"href":"https:\/\/freyawork.cl\/index.php?rest_route=%2Fwp%2Fv2%2Fproduct_cat&post=9870"},{"taxonomy":"product_tag","embeddable":true,"href":"https:\/\/freyawork.cl\/index.php?rest_route=%2Fwp%2Fv2%2Fproduct_tag&post=9870"}],"curies":[{"name":"wp","href":"https:\/\/api.w.org\/{rel}","templated":true}]}}